{"id":1308,"date":"2016-04-03T17:23:16","date_gmt":"2016-04-03T17:23:16","guid":{"rendered":"http:\/\/coaching-clown.de\/?page_id=1308"},"modified":"2016-04-03T18:23:41","modified_gmt":"2016-04-03T18:23:41","slug":"happiness","status":"publish","type":"page","link":"https:\/\/coaching-clown.de\/?page_id=1308","title":{"rendered":"Happiness"},"content":{"rendered":"<p align=\"JUSTIFY\"><span style=\"font-family: Arial,sans-serif;\">Aus der Energie erw\u00e4chst die Freude. Der Clown hat nicht den Anspruch eine L\u00f6sung f\u00fcr sein Publikum zu kreieren. F\u00fcr ihn ist die wichtigste Frage: Was bringt Menschen zum Lachen?<\/span><sup><span style=\"font-family: Arial,sans-serif;\"><a href=\"#sdfootnote1sym\" name=\"sdfootnote1anc\"><sup>1<\/sup><\/a><\/span><\/sup><span style=\"font-family: Arial,sans-serif;\">Der systemische Coach m\u00f6chte ebenfalls keine fertige L\u00f6sung pr\u00e4sentieren. Er wei\u00df, dass die L\u00f6sung nur aus dem System kommen kann. F\u00fcr ihn sollte die wichtigste Frage hei\u00dfen: Was bringt meinen Coachee in die L\u00f6sungsenergie?<\/span><\/p>\n<p style=\"text-align: justify;\" align=\"justify\"><strong><span style=\"font-family: Arial,sans-serif;\">3. <a href=\"http:\/\/coaching-clown.de\/?page_id=1312\">Methoden<\/a><\/span><\/strong><\/p>\n","protected":false},"excerpt":{"rendered":"<p>Aus der Energie erw\u00e4chst die Freude. Der Clown hat nicht den Anspruch eine L\u00f6sung f\u00fcr sein Publikum zu kreieren. F\u00fcr ihn ist die wichtigste Frage: Was bringt Menschen zum Lachen?1Der systemische Coach m\u00f6chte ebenfalls keine fertige L\u00f6sung pr\u00e4sentieren. Er wei\u00df, &hellip; <a href=\"https:\/\/coaching-clown.de\/?page_id=1308\">Weiterlesen <span class=\"meta-nav\">&rarr;<\/span><\/a><\/p>\n","protected":false},"author":1,"featured_media":0,"parent":1281,"menu_order":40,"comment_status":"closed","ping_status":"open","template":"","meta":[],"_links":{"self":[{"href":"https:\/\/coaching-clown.de\/index.php?rest_route=\/wp\/v2\/pages\/1308"}],"collection":[{"href":"https:\/\/coaching-clown.de\/index.php?rest_route=\/wp\/v2\/pages"}],"about":[{"href":"https:\/\/coaching-clown.de\/index.php?rest_route=\/wp\/v2\/types\/page"}],"author":[{"embeddable":true,"href":"https:\/\/coaching-clown.de\/index.php?rest_route=\/wp\/v2\/users\/1"}],"replies":[{"embeddable":true,"href":"https:\/\/coaching-clown.de\/index.php?rest_route=%2Fwp%2Fv2%2Fcomments&post=1308"}],"version-history":[{"count":2,"href":"https:\/\/coaching-clown.de\/index.php?rest_route=\/wp\/v2\/pages\/1308\/revisions"}],"predecessor-version":[{"id":1353,"href":"https:\/\/coaching-clown.de\/index.php?rest_route=\/wp\/v2\/pages\/1308\/revisions\/1353"}],"up":[{"embeddable":true,"href":"https:\/\/coaching-clown.de\/index.php?rest_route=\/wp\/v2\/pages\/1281"}],"wp:attachment":[{"href":"https:\/\/coaching-clown.de\/index.php?rest_route=%2Fwp%2Fv2%2Fmedia&parent=1308"}],"curies":[{"name":"wp","href":"https:\/\/api.w.org\/{rel}","templated":true}]}}