{"id":1318,"date":"2016-04-03T17:28:50","date_gmt":"2016-04-03T17:28:50","guid":{"rendered":"http:\/\/coaching-clown.de\/?page_id=1318"},"modified":"2016-04-03T18:28:57","modified_gmt":"2016-04-03T18:28:57","slug":"negative-bestaerkungen-uebertreibungen","status":"publish","type":"page","link":"https:\/\/coaching-clown.de\/?page_id=1318","title":{"rendered":"Negative Best\u00e4rkungen\/ \u00dcbertreibungen"},"content":{"rendered":"<p align=\"JUSTIFY\">\u201e<span style=\"font-family: Arial,sans-serif;\">Die \u00dcbertreibung des Gegensatzes zwischen Tun und Sagen, zwischen F\u00fchlen und Denken bringt uns oft zum Lachen und l\u00f6st uns aus der Faszination der Opferrolle.\u201c<\/span><sup><span style=\"font-family: Arial,sans-serif;\"><a href=\"#sdfootnote1sym\" name=\"sdfootnote1anc\"><sup>1<\/sup><\/a><\/span><\/sup><span style=\"font-family: Arial,sans-serif;\">\u201eEs ist dieses Auf-den-Kopf-Stellen der Logik, der Widersinn, der so komisch wirkt, dass sich das Publikum vor Lachen kugelt.\u201c<\/span><sup><span style=\"font-family: Arial,sans-serif;\"><a href=\"#sdfootnote2sym\" name=\"sdfootnote2anc\"><sup>2<\/sup><\/a><\/span><\/sup><\/p>\n<p style=\"text-align: left;\" align=\"justify\"><span style=\"font-family: Arial, sans-serif;\"> 3.4 <a href=\"http:\/\/coaching-clown.de\/?page_id=1320\">Verst\u00f6rung<\/a><br \/>\n<\/span><\/p>\n","protected":false},"excerpt":{"rendered":"<p>\u201eDie \u00dcbertreibung des Gegensatzes zwischen Tun und Sagen, zwischen F\u00fchlen und Denken bringt uns oft zum Lachen und l\u00f6st uns aus der Faszination der Opferrolle.\u201c1\u201eEs ist dieses Auf-den-Kopf-Stellen der Logik, der Widersinn, der so komisch wirkt, dass sich das Publikum &hellip; <a href=\"https:\/\/coaching-clown.de\/?page_id=1318\">Weiterlesen <span class=\"meta-nav\">&rarr;<\/span><\/a><\/p>\n","protected":false},"author":1,"featured_media":0,"parent":1312,"menu_order":30,"comment_status":"closed","ping_status":"open","template":"","meta":[],"_links":{"self":[{"href":"https:\/\/coaching-clown.de\/index.php?rest_route=\/wp\/v2\/pages\/1318"}],"collection":[{"href":"https:\/\/coaching-clown.de\/index.php?rest_route=\/wp\/v2\/pages"}],"about":[{"href":"https:\/\/coaching-clown.de\/index.php?rest_route=\/wp\/v2\/types\/page"}],"author":[{"embeddable":true,"href":"https:\/\/coaching-clown.de\/index.php?rest_route=\/wp\/v2\/users\/1"}],"replies":[{"embeddable":true,"href":"https:\/\/coaching-clown.de\/index.php?rest_route=%2Fwp%2Fv2%2Fcomments&post=1318"}],"version-history":[{"count":2,"href":"https:\/\/coaching-clown.de\/index.php?rest_route=\/wp\/v2\/pages\/1318\/revisions"}],"predecessor-version":[{"id":1358,"href":"https:\/\/coaching-clown.de\/index.php?rest_route=\/wp\/v2\/pages\/1318\/revisions\/1358"}],"up":[{"embeddable":true,"href":"https:\/\/coaching-clown.de\/index.php?rest_route=\/wp\/v2\/pages\/1312"}],"wp:attachment":[{"href":"https:\/\/coaching-clown.de\/index.php?rest_route=%2Fwp%2Fv2%2Fmedia&parent=1318"}],"curies":[{"name":"wp","href":"https:\/\/api.w.org\/{rel}","templated":true}]}}