{"id":1437,"date":"2017-03-23T09:14:26","date_gmt":"2017-03-23T09:14:26","guid":{"rendered":"http:\/\/coaching-clown.de\/?page_id=1437"},"modified":"2018-01-27T12:10:14","modified_gmt":"2018-01-27T12:10:14","slug":"nein-danke","status":"publish","type":"page","link":"https:\/\/coaching-clown.de\/?page_id=1437","title":{"rendered":"Nein, Danke!"},"content":{"rendered":"<p style=\"text-align: center;\"><span style=\"font-family: Arial, sans-serif;\">Vielleicht sind sie mit Ihrem Leben rundum zufrieden? Herzlichen Gl\u00fcckwunsch! Reden Sie mit Menschen \u00fcber Ihr Leben, inspirieren Sie andere. Aber Vorsicht! Da k\u00f6nnte sich dann etwas ver\u00e4ndern. \ud83d\ude09<\/span><\/p>\n<p style=\"text-align: center;\"><a href=\"http:\/\/tai-chi-clown.de\/wp-content\/uploads\/2018\/01\/goal-1166116_1920.jpg\"><img decoding=\"async\" loading=\"lazy\" class=\"aligncenter size-medium wp-image-1559\" src=\"http:\/\/tai-chi-clown.de\/wp-content\/uploads\/2018\/01\/goal-1166116_1920.jpg\" alt=\"goal-1166116_1920\" width=\"300\" height=\"229\" \/><\/a><\/p>\n<p style=\"text-align: center;\"><span style=\"font-family: Arial, sans-serif;\">Um m\u00f6glichst wenig Ver\u00e4nderung zu erreichen, reden Sie am besten mit jemandem intensiv \u00fcber ihre Probleme. Wenn Sie es gut anstellen, k\u00f6nnen Sie so eine stabile Beziehung aufbauen, in der immer weiter Probleme besprochen werden.<\/span><\/p>\n<p style=\"text-align: center;\"><span style=\"font-family: Arial, sans-serif;\">So \u00e4nderst sich, wenn Sie Gl\u00fcck haben m\u00f6glichst wenig.<\/span><\/p>\n<p style=\"text-align: center;\"><span style=\"font-family: Arial, sans-serif;\"><a href=\"http:\/\/coaching-clown.de\/?page_id=1438\">Ich m\u00f6chte doch Ver\u00e4nderung&#8230;<\/a><\/span><\/p>\n<p style=\"text-align: center;\"><strong><span style=\"font-family: Arial,sans-serif;\">&#8220;Panta rhei&#8221; &#8211; &#8220;Alles flie\u00dft&#8221;<br \/>\nHeraklit, ca. 5 Jahrhundert vor Christus<\/span><\/strong><\/p>\n","protected":false},"excerpt":{"rendered":"<p>Vielleicht sind sie mit Ihrem Leben rundum zufrieden? Herzlichen Gl\u00fcckwunsch! Reden Sie mit Menschen \u00fcber Ihr Leben, inspirieren Sie andere. Aber Vorsicht! Da k\u00f6nnte sich dann etwas ver\u00e4ndern. \ud83d\ude09 Um m\u00f6glichst wenig Ver\u00e4nderung zu erreichen, reden Sie am besten mit &hellip; <a href=\"https:\/\/coaching-clown.de\/?page_id=1437\">Weiterlesen <span class=\"meta-nav\">&rarr;<\/span><\/a><\/p>\n","protected":false},"author":1,"featured_media":0,"parent":1322,"menu_order":20,"comment_status":"closed","ping_status":"open","template":"","meta":[],"_links":{"self":[{"href":"https:\/\/coaching-clown.de\/index.php?rest_route=\/wp\/v2\/pages\/1437"}],"collection":[{"href":"https:\/\/coaching-clown.de\/index.php?rest_route=\/wp\/v2\/pages"}],"about":[{"href":"https:\/\/coaching-clown.de\/index.php?rest_route=\/wp\/v2\/types\/page"}],"author":[{"embeddable":true,"href":"https:\/\/coaching-clown.de\/index.php?rest_route=\/wp\/v2\/users\/1"}],"replies":[{"embeddable":true,"href":"https:\/\/coaching-clown.de\/index.php?rest_route=%2Fwp%2Fv2%2Fcomments&post=1437"}],"version-history":[{"count":10,"href":"https:\/\/coaching-clown.de\/index.php?rest_route=\/wp\/v2\/pages\/1437\/revisions"}],"predecessor-version":[{"id":1855,"href":"https:\/\/coaching-clown.de\/index.php?rest_route=\/wp\/v2\/pages\/1437\/revisions\/1855"}],"up":[{"embeddable":true,"href":"https:\/\/coaching-clown.de\/index.php?rest_route=\/wp\/v2\/pages\/1322"}],"wp:attachment":[{"href":"https:\/\/coaching-clown.de\/index.php?rest_route=%2Fwp%2Fv2%2Fmedia&parent=1437"}],"curies":[{"name":"wp","href":"https:\/\/api.w.org\/{rel}","templated":true}]}}