{"id":253,"date":"2014-06-02T21:43:34","date_gmt":"2014-06-02T21:43:34","guid":{"rendered":"http:\/\/coaching-clown.de\/?page_id=253"},"modified":"2015-09-15T15:41:17","modified_gmt":"2015-09-15T15:41:17","slug":"praesenz","status":"publish","type":"page","link":"https:\/\/coaching-clown.de\/?page_id=253","title":{"rendered":"Pr\u00e4senz"},"content":{"rendered":"<p style=\"text-align: justify;\">\u201e<span style=\"font-family: Arial, sans-serif;\">Pr\u00e4senz als Qualit\u00e4tsmerkmal des Coaches\u201c<\/span><sup><span style=\"font-family: Arial, sans-serif;\"><a href=\"http:\/\/coaching-clown.de\/?page_id=53\" name=\"sdfootnote1anc\"><sup>1<\/sup><\/a><\/span><\/sup><span style=\"font-family: Arial, sans-serif;\">\u00a0ist \u201ceine m\u00f6glichst vollst\u00e4ndige Anwesenheit im Hier-und-Jetzt. Als Kontakt und Reibungsfl\u00e4che zur Verf\u00fcgung stehen.\u201c<\/span><sup><span style=\"font-family: Arial, sans-serif;\"><a href=\"http:\/\/coaching-clown.de\/?page_id=53\" name=\"sdfootnote2anc\"><sup>2<\/sup><\/a><\/span><\/sup><\/p>\n<p style=\"text-align: justify;\" align=\"justify\">\u201e<span style=\"font-family: Arial, sans-serif;\">Die Theorien und Praktiken, die f\u00fcr wesentlich gehalten werden, um in Menschen Ver\u00e4nderungen auszul\u00f6sen, manifestieren sich durch die Pr\u00e4senz des Beraters, werden durch sie symbolisiert oder sind in ihr impliziert\u201c<\/span><sup><span style=\"font-family: Arial, sans-serif;\"><a href=\"http:\/\/coaching-clown.de\/?page_id=53\" name=\"sdfootnote3anc\"><sup>3<\/sup><\/a> <\/span><\/sup><span style=\"font-family: Arial, sans-serif;\">\u201ePr\u00e4senz dient dazu, das Klientensystem zu \u201eber\u00fchren\u201c, denn ohne eine ausreichende Kontaktebene wird sich wahrscheinlich wenig Ver\u00e4nderungsenergie entwickeln.\u201c<\/span><sup><span style=\"font-family: Arial, sans-serif;\"><a href=\"http:\/\/coaching-clown.de\/?page_id=53\" name=\"sdfootnote4anc\"><sup>4<\/sup><\/a><\/span><\/sup><\/p>\n<p style=\"text-align: justify;\" align=\"justify\"><span style=\"font-family: Arial, sans-serif;\"><a href=\"http:\/\/coaching-clown.de\/?page_id=213\">Erwerben und vertiefen Sie diese Kompetenz im Clown-Training<\/a><\/span><\/p>\n<p style=\"text-align: left;\" align=\"justify\"><span style=\"font-family: Arial, sans-serif;\">   3.9  <a href=\"http:\/\/coaching-clown.de\/?page_id=255\">Der doppelte Punkt der Aufmerksamkeit<\/a><\/span><\/p>\n","protected":false},"excerpt":{"rendered":"<p>\u201ePr\u00e4senz als Qualit\u00e4tsmerkmal des Coaches\u201c1\u00a0ist \u201ceine m\u00f6glichst vollst\u00e4ndige Anwesenheit im Hier-und-Jetzt. Als Kontakt und Reibungsfl\u00e4che zur Verf\u00fcgung stehen.\u201c2 \u201eDie Theorien und Praktiken, die f\u00fcr wesentlich gehalten werden, um in Menschen Ver\u00e4nderungen auszul\u00f6sen, manifestieren sich durch die Pr\u00e4senz des Beraters, werden &hellip; <a href=\"https:\/\/coaching-clown.de\/?page_id=253\">Weiterlesen <span class=\"meta-nav\">&rarr;<\/span><\/a><\/p>\n","protected":false},"author":1,"featured_media":0,"parent":231,"menu_order":80,"comment_status":"closed","ping_status":"open","template":"","meta":[],"_links":{"self":[{"href":"https:\/\/coaching-clown.de\/index.php?rest_route=\/wp\/v2\/pages\/253"}],"collection":[{"href":"https:\/\/coaching-clown.de\/index.php?rest_route=\/wp\/v2\/pages"}],"about":[{"href":"https:\/\/coaching-clown.de\/index.php?rest_route=\/wp\/v2\/types\/page"}],"author":[{"embeddable":true,"href":"https:\/\/coaching-clown.de\/index.php?rest_route=\/wp\/v2\/users\/1"}],"replies":[{"embeddable":true,"href":"https:\/\/coaching-clown.de\/index.php?rest_route=%2Fwp%2Fv2%2Fcomments&post=253"}],"version-history":[{"count":7,"href":"https:\/\/coaching-clown.de\/index.php?rest_route=\/wp\/v2\/pages\/253\/revisions"}],"predecessor-version":[{"id":1150,"href":"https:\/\/coaching-clown.de\/index.php?rest_route=\/wp\/v2\/pages\/253\/revisions\/1150"}],"up":[{"embeddable":true,"href":"https:\/\/coaching-clown.de\/index.php?rest_route=\/wp\/v2\/pages\/231"}],"wp:attachment":[{"href":"https:\/\/coaching-clown.de\/index.php?rest_route=%2Fwp%2Fv2%2Fmedia&parent=253"}],"curies":[{"name":"wp","href":"https:\/\/api.w.org\/{rel}","templated":true}]}}