{"id":59,"date":"2014-06-02T15:31:10","date_gmt":"2014-06-02T15:31:10","guid":{"rendered":"http:\/\/coaching-clown.de\/?page_id=59"},"modified":"2015-09-15T15:15:18","modified_gmt":"2015-09-15T15:15:18","slug":"weissclown-und-august","status":"publish","type":"page","link":"https:\/\/coaching-clown.de\/?page_id=59","title":{"rendered":"Wei\u00dfclown und August"},"content":{"rendered":"<p><span style=\"font-family: Arial, sans-serif;\">Verk\u00f6rpert wird die Polarit\u00e4t \u201ein der Tradition des wei\u00dfen Clowns und des dummen August. Der wei\u00dfe Clown wei\u00df immer Bescheid und ist immer damit besch\u00e4ftigt, gut auszusehen, das Richtige zu machen. Gerade weil er in allem perfekt sein will und alles \u201ebesser wei\u00df\u201c, ist er ein Clown. Er steht im Gegensatz zum dummen August, der nach seinen Instinkten lebt und dauernd \u201eFehler\u201c macht.\u201c\u201c<\/span><sup><span style=\"font-family: Arial, sans-serif;\"><a href=\"http:\/\/coaching-clown.de\/?page_id=53\" name=\"sdfootnote1anc\"><sup>1<\/sup><\/a><\/span><\/sup><span style=\"font-family: Arial, sans-serif;\"> \u201eDer wei\u00dfe Clown steht f\u00fcr die Norm der Gesellschaft, der Stupidus (der August) f\u00fcr den Protest. Der wei\u00dfe Clown \u2026 verk\u00f6rpert bestechende Perfektion. \u2026 Der August ist anders.\u201c<\/span><sup><span style=\"font-family: Arial, sans-serif;\"><a href=\"http:\/\/coaching-clown.de\/?page_id=53\" name=\"sdfootnote2anc\"><sup>2<\/sup><\/a><\/span><\/sup><\/p>\n<p align=\"justify\">\u00a0\u201e<span style=\"font-family: Arial, sans-serif;\">Federico Fellini, der geniale italienische Regisseur, nennt den Streit zwischen dem wei\u00dfen Clown und dem dummen August den \u201eKampf zwischen dem herrlichen Kult der Vernunft\u201c und der \u201eFreiheit des Triebes\u201c. Fellini sieht in den beiden Typen des Clowns die beiden Antagonisten des Lebens:&#8230;\u201c<\/span><sup><span style=\"font-family: Arial, sans-serif;\"><a href=\"http:\/\/coaching-clown.de\/?page_id=53\" name=\"sdfootnote3anc\"><sup>3<\/sup><\/a><\/span><\/sup><\/p>\n<p align=\"justify\">\u201e<span style=\"font-family: Arial, sans-serif;\">Der Wei\u00dfe war der Solide, der Respektable, der immer wusste, was man nicht tun durfte, der philosophierte und Moralpredigten hielt, aber auch den August bestrafte, wozu er einen \u201ebaton\u201c, einen langen Stock mit einer Klapper am Ende, in den H\u00e4nden hielt. Und der August? Nun, da mangelt es einem wahrscheinlich an Worten, um von all seinen Varianten zu erz\u00e4hlen. Aber wenn er auch noch so individuelle Z\u00fcge hatte, war er immer der Spitzbube, der Schlingel, der Schlaumeier, sogar ein bisschen ein Gauner, der stets gegen Ordnung und Gesetz verstie\u00df, neugierig, sp\u00f6ttisch und ungezogen war. In dem Wei\u00dfclown sah man den Aristokraten mit den vornehmen Manieren, in blendend wei\u00dfer Kleidung, oft mit gl\u00e4nzenden Pailletten besetzt, wei\u00dfen Str\u00fcmpfen und Hackenschuhen. Der August aber war ein Prolet oder einfach nur ein Landstreicher in l\u00f6chrigen Handschuhen oder zerfetztem Hemd. Alle waren sich einig, das waren Vertreter zweier <\/span><span style=\"font-family: Arial, sans-serif;\">Klassen, zweier St\u00e4nde. In den Beziehungen dieses Clownpaars sahen die Zuschauer mit Vergn\u00fcgen den Widerhall das Klassenkampfes, der im vergangenen Jahrhundert Europas L\u00e4nder erfasst hatte. Ihre Beziehungen waren sozial determiniert. Der Wei\u00dfe war hochn\u00e4sig und doch allgemein hilflos, sein Wort galt nicht mehr. Der August jedoch war lebensfroh und einfallsreich,&#8230;\u201c<\/span><sup><span style=\"font-family: Arial, sans-serif;\"><a href=\"http:\/\/coaching-clown.de\/?page_id=53\" name=\"sdfootnote4anc\"><sup>4<\/sup><\/a><\/span><\/sup><\/p>\n<p align=\"justify\">\u201e<span style=\"font-family: Arial, sans-serif;\">Der B\u00fcrger wird durch Anstand, Sitte und Erziehung, der Wei\u00dfclown durch seine Rolle zu einer perfektionierten, ritualisierten unfreien Gestalt, w\u00e4hrend der August ihre regressive Kehrseite darstellt.<\/span><\/p>\n<p align=\"justify\"><span style=\"font-family: Arial, sans-serif;\">Als solcher darf er anal sein, kindisch und primitiv agieren, verfressen sein, laut schreien und weinen, kurz er darf \u201eKind\u201c sein, das ja auch erst durch Erziehung zum ordentlichen Menschen \u201egemacht\u201c werden soll&#8230;.<\/span><\/p>\n<p align=\"justify\"><span style=\"font-family: Arial, sans-serif;\">Der August schw\u00e4cht die aggre<\/span><span style=\"font-family: Arial, sans-serif;\">ssiven Forderungen des Wei\u00dfclowns in einer f\u00fcr sich akzeptablen Weise ab, womit er sie auch f\u00fcr den Wei\u00dfclown ertr\u00e4glicher macht \u2013 und uns alle lachen l\u00e4sst.\u201c<\/span><sup><span style=\"font-family: Arial, sans-serif;\"><a href=\"http:\/\/coaching-clown.de\/?page_id=53\" name=\"sdfootnote5anc\"><sup>5<\/sup><\/a><\/span><\/sup><\/p>\n<p align=\"justify\"><span style=\"font-family: Arial, sans-serif;\">So sind Wei\u00df-Clown und August zwei unzertrennliche Figuren,<\/span><sup><span style=\"font-family: Arial, sans-serif;\"><a href=\"http:\/\/coaching-clown.de\/?page_id=53\" name=\"sdfootnote6anc\"><sup>6<\/sup><\/a><\/span><\/sup><span style=\"font-family: Arial, sans-serif;\"> sie sind \u201edas sinnliche Bindeglied zwischen dem Allt\u00e4glichen und dem Ewigen.\u201c<\/span><sup><span style=\"font-family: Arial, sans-serif;\"><a href=\"http:\/\/coaching-clown.de\/?page_id=53\" name=\"sdfootnote7anc\"><sup>7<\/sup><\/a><\/span><\/sup><\/p>\n<p align=\"justify\"><span style=\"font-family: Arial, sans-serif;\">Sie verk\u00f6rpern einen Mythos, \u201eder im Grunde von uns allen ist: die Vers\u00f6hnung der Gegens\u00e4tze, die Einheit das Seins.\u201c<\/span><sup><span style=\"font-family: Arial, sans-serif;\"><a href=\"http:\/\/coaching-clown.de\/?page_id=53\" name=\"sdfootnote8anc\"><sup>8<\/sup><\/a><\/span><\/sup><\/p>\n<p align=\"justify\">\n<p style=\"text-align: left;\" align=\"justify\"><span style=\"font-family: Arial, sans-serif;\">2.2 <a href=\"http:\/\/coaching-clown.de\/?page_id=63\">Trag\u00f6die und Kom\u00f6die<\/a><\/span><\/p>\n","protected":false},"excerpt":{"rendered":"<p>Verk\u00f6rpert wird die Polarit\u00e4t \u201ein der Tradition des wei\u00dfen Clowns und des dummen August. Der wei\u00dfe Clown wei\u00df immer Bescheid und ist immer damit besch\u00e4ftigt, gut auszusehen, das Richtige zu machen. Gerade weil er in allem perfekt sein will und &hellip; <a href=\"https:\/\/coaching-clown.de\/?page_id=59\">Weiterlesen <span class=\"meta-nav\">&rarr;<\/span><\/a><\/p>\n","protected":false},"author":1,"featured_media":0,"parent":55,"menu_order":10,"comment_status":"closed","ping_status":"open","template":"","meta":[],"_links":{"self":[{"href":"https:\/\/coaching-clown.de\/index.php?rest_route=\/wp\/v2\/pages\/59"}],"collection":[{"href":"https:\/\/coaching-clown.de\/index.php?rest_route=\/wp\/v2\/pages"}],"about":[{"href":"https:\/\/coaching-clown.de\/index.php?rest_route=\/wp\/v2\/types\/page"}],"author":[{"embeddable":true,"href":"https:\/\/coaching-clown.de\/index.php?rest_route=\/wp\/v2\/users\/1"}],"replies":[{"embeddable":true,"href":"https:\/\/coaching-clown.de\/index.php?rest_route=%2Fwp%2Fv2%2Fcomments&post=59"}],"version-history":[{"count":5,"href":"https:\/\/coaching-clown.de\/index.php?rest_route=\/wp\/v2\/pages\/59\/revisions"}],"predecessor-version":[{"id":1137,"href":"https:\/\/coaching-clown.de\/index.php?rest_route=\/wp\/v2\/pages\/59\/revisions\/1137"}],"up":[{"embeddable":true,"href":"https:\/\/coaching-clown.de\/index.php?rest_route=\/wp\/v2\/pages\/55"}],"wp:attachment":[{"href":"https:\/\/coaching-clown.de\/index.php?rest_route=%2Fwp%2Fv2%2Fmedia&parent=59"}],"curies":[{"name":"wp","href":"https:\/\/api.w.org\/{rel}","templated":true}]}}